what is -10c4 - 14a2?
-2596
In base 10, what is -1706 + 510904?
509198
In base 4, what is -110 + 1313131211?
1313131101
In base 5, what is 0 + 230401011224?
230401011224
In base 16, what is 0 + 78fea2?
78fea2
In base 5, what is 30410 + -223000?
-142040
In base 7, what is -4 - 2252516521?
-2252516525
In base 4, what is -1 + 32223211323?
32223211322
In base 11, what is 2 - a0a74133?
-a0a74131
In base 5, what is 410 + 134431040?
134432000
In base 11, what is -233 + 369971?
369739
In base 9, what is 166717440 - -2?
166717442
In base 2, what is -10101100100110001101 - -10110111?
-10101100100011010110
In base 2, what is -111111101100100 - 10110?
-111111101111010
In base 5, what is -123 + -42310412?
-42311040
In base 15, what is -3 + -15217?
-1521a
In base 9, what is -340 - 1122255?
-1122605
In base 2, what is -10010 + -1010000001111101011?
-1010000001111111101
In base 13, what is 28a2495 + -3?
28a2492
In base 3, what is -20210022000 - 1102?
-20210100102
In base 10, what is 10217 + -24444?
-14227
In base 3, what is -21020201 - 21021?
-21111222
In base 12, what is 1963 - -5b?
1a02
In base 9, what is 702343747 - -1?
702343748
In base 9, what is 708036305 - 2?
708036303
In base 4, what is -31232031201100 - 10?
-31232031201110
In base 7, what is 16642 - -1213224?
1233166
In base 7, what is -410125 + 23?
-410102
In base 4, what is 12 - -103130322133?
103130322211
In base 5, what is 10012102143 - 14?
10012102124
In base 14, what is -4b383 - 32c?
-4b6b1
In base 14, what is 488604 + -6?
4885dc
In base 13, what is -b915854 + -1?
-b915855
In base 4, what is 11 + 1032022212300?
1032022212311
In base 10, what is 1542565 - -4?
1542569
In base 15, what is -2798e4 + -17?
-27990b
In base 6, what is 1 - -1242210321?
1242210322
In base 5, what is 10242021440010 - -1?
10242021440011
In base 2, what is 111100101011011100000110 - 110100?
111100101011011011010010
In base 15, what is -173 + 5596?
5423
In base 12, what is -230347 - -3?
-230344
In base 11, what is 2472 - 88238?
-85876
In base 6, what is 5 + 3345240013?
3345240022
In base 14, what is -1d8076a + -2?
-1d8076c
In base 9, what is -2 - -6015218?
6015216
In base 9, what is 4 + 18073431?
18073435
In base 9, what is 11 + -33827577?
-33827566
In base 2, what is 10010000100111001010010110 - -10?
10010000100111001010011000
In base 3, what is 2111202120222012 + 11?
2111202120222100
In base 10, what is 3176 - 910?
2266
In base 5, what is 1233441 + -1021?
1232420
In base 6, what is 252153 + -13505?
234244
In base 13, what is -35a0 - 10630?
-13c00
In base 13, what is -130837 - 1322?
-131b59
In base 9, what is -61 + -6834558?
-6834630
In base 15, what is -d83 + -21?
-da4
In base 10, what is -33067959 - -3?
-33067956
In base 13, what is -4 + -37691c3?
-37691c7
In base 9, what is -2378 - 7706?
-11185
In base 7, what is -21060 + -340433?
-361523
In base 14, what is 9a2136 - -4?
9a213a
In base 15, what is 11cbee + -3?
11cbeb
In base 5, what is -33011303 + 13?
-33011240
In base 7, what is -2 - 202435160?
-202435162
In base 6, what is -50013 - 120253?
-210310
In base 9, what is 0 + -1560188?
-1560188
In base 14, what is -964d29 + 9?
-964d20
In base 3, what is -120 + 202210012211110?
202210012210220
In base 13, what is 2 + 4a80906?
4a80908
In base 7, what is 326 + -323651?
-323322
In base 14, what is -518 - -a597?
a07d
In base 7, what is 1112050643 + -3?
1112050640
In base 7, what is 25464 + -130?
25334
In base 12, what is -170 + -922a?
-939a
In base 2, what is -100001 - 100010111010010010?
-100010111010110011
In base 10, what is 2988 - 3077?
-89
In base 2, what is -10010000111101010 - 11100010?
-10010001011001100
In base 3, what is -12210122 - -1000222?
-11202200
In base 12, what is 111158 - -a2?
11123a
In base 5, what is 4 - 43121400004?
-43121400000
In base 2, what is -101001010011111 + 1000100001?
-101000001111110
In base 2, what is 1001110001000 - 101001101?
1001000111011
In base 12, what is -145 - -104640?
1044b7
In base 16, what is -17 - 4a01f3?
-4a020a
In base 7, what is 366 + 5362?
6061
In base 4, what is -1 - -2332102212222?
2332102212221
In base 8, what is -6344 - 41?
-6405
In base 12, what is -165154b + -17?
-1651566
In base 6, what is 4452 - 344502?
-340010
In base 7, what is -4536652 - -1314?
-4535335
In base 9, what is -1542468 - 37?
-1542516
In base 9, what is 4 - 42354731?
-42354726
In base 2, what is -1111011 + -10111111011100000001?
-10111111011101111100
In base 15, what is 2aedcc - -8?
2aedd5
In base 14, what is -c21368 - 3?
-c2136b
In base 2, what is -11111 - 10011001010111011010?
-10011001010111111001
In base 11, what is 22855348 + 5?
22855352
In base 16, what is cd2 + -1b6?
b1c
In base 4, what is 10 + 31132020312300?
31132020312310
In base 9, what is 78853 + 25?
78878
In base 6, what is 144 + -21054451?
-21054303
In base 5, what is -11104 + 122320411?
122304302
In base 15, what is 14d544a + 23?
14d546d
In base 12, what is -2274a9a - -1?
-2274a99
In base 10, what is 4 - 42053592?
-42053588
In base 12, what is -95b7 + 328?
-928b
In base 12, what is 507a198 - 0?
507a198
In base 9, what is 282 + 4106754?
4107146
In base 14, what is 1bab + 6519?
82c6
In base 12, what is -62b - 1440b?
-14a3a
In base 12, what is 571b9 - -48?
57245
In base 5, what is 1301 - -224?
2030
In base 13, what is -2949a788 - 4?
-2949a78c
In base 4, what is -231 - -20210032202?
20210031311
In base 12, what is 7b15021 - -1?
7b15022
In base 10, what is 0 + -36011047?
-36011047
In base 4, what is 220210033 + 110?
220210203
In base 8, what is -3136750161 - 2?
-3136750163
In base 7, what is -326045 + 213?
-325532
In base 15, what is 12952b6 - 5?
12952b1
In base 16, what is -4bd + 78e?
2d1
In base 12, what is 24 + -683288?
-683264
In base 11, what is -398568 - -99?
-39847a
In base 16, what is 0 - 23f2b0?
-23f2b0
In base 9, what is 737 + 78266?
80114
In base 15, what is 3 - -106588e5?
106588e8
In base 7, what is -11166244 - -2213?
-11164031
In base 8, what is -5141333 + -4?
-5141337
In base 15, what is 10a3 - 36815?
-35762
In base 11, what is -138a93 - 273?
-139256
In base 6, what is 3132412 + -20?
3132352
In base 6, what is -441 + -225222244?
-225223125
In base 2, what is 1111111001011 + -1001110110111110?
-111110111110011
In base 6, what is -255 + 14233240?
14232541
In base 9, what is -40 - -33366?
33326
In base 8, what is -11 - 14064166?
-14064177
In base 7, what is 4 + 342665132?
342665136
In base 4, what is -202001323122 + -12?
-202001323200
In base 15, what is 2d5 - -67b9?
6a9e
In base 12, what is -2 - 222b17?
-222b19
In base 9, what is -6145 + -1037?
-7183
In base 6, what is 13 + -51314030?
-51314013
In base 3, what is -20112001120022 - -1222?
-20112001111100
In base 9, what is -47206218 + -12?
-47206231
In base 8, what is -1 + -24124355?
-24124356
In base 5, what is 143 - 2000301102?
-2000300404
In base 2, what is -100110000 + -11100011111?
-100001001111
In base 10, what is 13136 - 2409?
10727
In base 10, what is 58743 + 3766?
62509
In base 4, what is 220103 + -1201103?
-321000
In base 10, what is 5711587 - -4?
5711591
In base 12, what is -402a92 + -63?
-402b35
In base 3, what is -10202022010001 + 1?
-10202022010000
In base 7, what is -102621 + 2066?
-100522
In base 12, what is -38 - 50a0a31?
-50a0a69
In base 15, what is -81c6 + -24c?
-8423
In base 15, what is 4 - 1478ca4?
-1478ca0
In base 11, what is 9 + 1813993?
18139a1
In base 3, what is -110001101111 + -101012?
-110001202200
In base 7, what is 12 - 321106424?
-321106412
In base 9, what is -133624 + 146?
-133467
In base 5, what is -2423143422 + -104?
-2423144031
In base 2, what is -101 + 1100100001010100010110110?
1100100001010100010110001
In base 10, what is -28483 - -33?
-28450
In base 6, what is -2224 + 50302?
44034
In base 14, what is 92 + -59d9?
-5947
In base 14, what is 31 + a7a5d?
a7a90
In base 5, what is 13340342230 - 10?
13340342220
In base 16, what is -9f92b4 + -3?
-9f92b7
In base 14, what is 12 + ccb15?
ccb27
In base 10, what is 1 - 2462294?
-2462293
In base 5, what is 342 + 22111002?
22111344
In base 16, what is -7a2bb91 - 0?
-7a2bb91
In base 10, what is 31498404 + -3?
31498401
In base 12, what is 1 + 45323ab?
45323b0
In base 11, what is -5249723 - 76?
-5249799
In base 9, what is 10 - -13604836?
13604846
In base 2, what is 100 + -10010001100000100001110?
-10010001100000100